{"id":511,"date":"2025-04-22T20:35:18","date_gmt":"2025-04-22T18:35:18","guid":{"rendered":"https:\/\/orefugebienetre.fr\/?page_id=511"},"modified":"2025-09-08T19:59:41","modified_gmt":"2025-09-08T17:59:41","slug":"massage-californien","status":"publish","type":"page","link":"https:\/\/orefugebienetre.fr\/index.php\/massage-californien\/","title":{"rendered":"Massage californien"},"content":{"rendered":"\n<p><\/p>\n\n\n\n<h3 class=\"wp-block-heading has-text-align-center\">\u00ab\u00a0M\u00e9ditation en mouvement\u00a0\u00bb<\/h3>\n\n\n\n<h3 class=\"wp-block-heading has-text-align-center\">Massage qui apaise corps et esprit<\/h3>\n\n\n\n<h3 class=\"wp-block-heading has-text-align-center\">avec douceur enveloppante.<\/h3>\n\n\n<div class=\"wp-block-image\">\n<figure class=\"aligncenter size-full is-resized\"><img fetchpriority=\"high\" decoding=\"async\" width=\"1333\" height=\"1371\" src=\"https:\/\/orefugebienetre.fr\/wp-content\/uploads\/2025\/04\/2-4.png\" alt=\"\" class=\"wp-image-272\" style=\"width:500px\" srcset=\"https:\/\/orefugebienetre.fr\/wp-content\/uploads\/2025\/04\/2-4.png 1333w, https:\/\/orefugebienetre.fr\/wp-content\/uploads\/2025\/04\/2-4-292x300.png 292w, https:\/\/orefugebienetre.fr\/wp-content\/uploads\/2025\/04\/2-4-996x1024.png 996w, https:\/\/orefugebienetre.fr\/wp-content\/uploads\/2025\/04\/2-4-768x790.png 768w\" sizes=\"(max-width: 1333px) 100vw, 1333px\" \/><\/figure>\n<\/div>\n\n\n<div style=\"height:50px\" aria-hidden=\"true\" class=\"wp-block-spacer\"><\/div>\n\n\n<div class=\"wp-block-image\">\n<figure class=\"aligncenter size-large is-resized\"><img decoding=\"async\" width=\"1024\" height=\"726\" src=\"https:\/\/orefugebienetre.fr\/wp-content\/uploads\/2025\/09\/2-1024x726.png\" alt=\"\" class=\"wp-image-1067\" style=\"width:500px\" srcset=\"https:\/\/orefugebienetre.fr\/wp-content\/uploads\/2025\/09\/2-1024x726.png 1024w, https:\/\/orefugebienetre.fr\/wp-content\/uploads\/2025\/09\/2-300x213.png 300w, https:\/\/orefugebienetre.fr\/wp-content\/uploads\/2025\/09\/2-150x106.png 150w, https:\/\/orefugebienetre.fr\/wp-content\/uploads\/2025\/09\/2-768x545.png 768w, https:\/\/orefugebienetre.fr\/wp-content\/uploads\/2025\/09\/2-1536x1090.png 1536w, https:\/\/orefugebienetre.fr\/wp-content\/uploads\/2025\/09\/2.png 1748w\" sizes=\"(max-width: 1024px) 100vw, 1024px\" \/><\/figure>\n<\/div>\n\n\n<p><\/p>\n\n\n\n<div style=\"height:50px\" aria-hidden=\"true\" class=\"wp-block-spacer\"><\/div>\n\n\n\n<div class=\"wp-block-buttons is-content-justification-center is-layout-flex wp-container-core-buttons-is-layout-16018d1d wp-block-buttons-is-layout-flex\">\n<div class=\"wp-block-button\"><a class=\"wp-block-button__link wp-element-button\" href=\"https:\/\/orefugebienetre.fr\/index.php\/contact\/\">Prendre RDV &gt;<\/a><\/div>\n<\/div>\n\n\n\n<div style=\"height:50px\" aria-hidden=\"true\" class=\"wp-block-spacer\"><\/div>\n\n\n\n<p><\/p>\n\n\n\n<h3 class=\"wp-block-heading\"><strong>Qu\u2019est-ce que le massage californien ?<\/strong><\/h3>\n\n\n\n<p>Le massage californien trouve son <strong>origine <\/strong>\u00e0 l&rsquo;<strong>Institut Esalen<\/strong>, situ\u00e9 <strong>en Californie<\/strong>, vers <strong>1962<\/strong>. Cet institut \u00e9tait un lieu embl\u00e9matique pour le d\u00e9veloppement de techniques favorisant le bien-\u00eatre. <strong>Dans les ann\u00e9e 70<\/strong> cette approche unique du massage a travers\u00e9 l&rsquo;Atlantique pour s&rsquo;\u00e9tendre \u00e0 l&rsquo;<strong>Europe<\/strong>, o\u00f9 elle a rencontr\u00e9 un <strong>grand succ\u00e8s<\/strong>, avec une philosophie centr\u00e9e sur la <strong>connexion profonde entre le corps et l&rsquo;esprit<\/strong>.&nbsp;<\/p>\n\n\n\n<p>Le massage californien, qui est <strong>relaxant, lent,<\/strong> <strong>enveloppant et cocooning<\/strong>, a \u00e9t\u00e9 con\u00e7u pour <strong>lib\u00e9rer <\/strong>les <strong>tensions corporelles<\/strong> tout en offrant une <strong>exp\u00e9rience \u00e9motionnelle apaisante et profonde<\/strong>. Il incite \u00e0 <strong>sentir son<\/strong> <strong>corps dans sa globalit\u00e9. <\/strong>Il s\u2019agit d\u2019une <strong>approche <\/strong>bas\u00e9e sur l\u2019<strong>\u00e9veil au sens <\/strong>et la <strong>conscience de son corps<\/strong> <strong>afin de se le r\u00e9approprier. <\/strong>La <strong>pression <\/strong>est <strong>douce et ferme <\/strong>\u00e0 la fois, les <strong>mouvements<\/strong> sont <strong>fluides<\/strong> avec une utilisation g\u00e9n\u00e9reuse d\u2019huile v\u00e9g\u00e9tale.&nbsp;<\/p>\n\n\n\n<h3 class=\"wp-block-heading\"><strong>Les bienfaits du massage californien<\/strong><\/h3>\n\n\n\n<ul class=\"wp-block-list\">\n<li><strong>Relaxation totale<\/strong>&nbsp;: il permet de rel\u00e2cher les tensions musculaires et de favoriser une d\u00e9tente profonde dans une vague de s\u00e9r\u00e9nit\u00e9, vous laissant avec une sensation de l\u00e9g\u00e8ret\u00e9.&nbsp;<\/li>\n\n\n\n<li><strong>Am\u00e9liore <\/strong>la <strong>circulation sanguine <\/strong>et <strong>lymphatique<\/strong>&nbsp;: les mouvements doux stimulent la circulation sanguine, drainent et \u00e9liminent les toxines, favorisant ainsi la r\u00e9g\u00e9n\u00e9ration cellulaire.<\/li>\n\n\n\n<li><strong>Am\u00e9liore la digestion<\/strong><\/li>\n\n\n\n<li>Le touch\u00e9 favorise l\u2019<strong>\u00e9panouissement affectif&nbsp;<\/strong>: en lib\u00e9rant des endorphines, ce massage peut am\u00e9liorer votre humeur et vous aider \u00e0 vous sentir plus \u00e9quilibr\u00e9 \u00e9motionnellement.<\/li>\n\n\n\n<li>Et <strong>apaise le stress<\/strong>&nbsp;: en apaisant le syst\u00e8me nerveux, ce massage contribue \u00e0 r\u00e9duire le stress, l\u2019anxi\u00e9t\u00e9 et \u00e0 am\u00e9liorer la qualit\u00e9 du sommeil.<\/li>\n\n\n\n<li><\/li>\n<\/ul>\n\n\n\n<h3 class=\"wp-block-heading\"><strong>D\u00e9roulement d\u2019une s\u00e9ance de massage&nbsp;<\/strong><\/h3>\n\n\n\n<ol class=\"wp-block-list\">\n<li><strong>Pr\u00e9paration <\/strong>d\u2019une table de massage confortable, d\u2019une huile de massage v\u00e9g\u00e9tale chaude et d\u2019une musique relaxante.<\/li>\n\n\n\n<li><strong>Echange initial :<\/strong>&nbsp;je prendrai le temps de discuter de vos besoins sp\u00e9cifiques, de vos \u00e9ventuelles pr\u00e9occupations et de vos attentes.&nbsp;<\/li>\n\n\n\n<li><strong>Pendant la s\u00e9ance :<\/strong>&nbsp;vous serez invit\u00e9(e) \u00e0 vous allonger sur la table de massage en sous-v\u00eatements et couvert par un draps. Au cours de la s\u00e9ance je veillerai \u00e0 appliquer une pression adapt\u00e9e \u00e0 votre confort.<\/li>\n\n\n\n<li><strong>Repos en fin de massage&nbsp;: <\/strong>je vous laisserai un moment pour reprendre vos esprits en douceur&nbsp;: une fois le massage termin\u00e9, pr\u00e9voir 15 minutes de plus afin de vivre pleinement ce moment de d\u00e9contraction comme une p\u00e9riode de ressourcement \u00e0 la vie.<\/li>\n\n\n\n<li><\/li>\n<\/ol>\n\n\n\n<h3 class=\"wp-block-heading\"><strong>Contre-Indications du massage&nbsp;<\/strong><\/h3>\n\n\n\n<p>Cette pratique est d\u00e9conseill\u00e9e pour :&nbsp;<\/p>\n\n\n\n<ul class=\"wp-block-list\">\n<li>Les femmes enceintes&nbsp;<\/li>\n\n\n\n<li>En cas de fi\u00e8vre, \u00e9bri\u00e9t\u00e9, infections bact\u00e9riennes, virales, naus\u00e9es<\/li>\n\n\n\n<li>En cas de cancer demander un avis m\u00e9dical<\/li>\n\n\n\n<li>Diab\u00e8te, phl\u00e9bite, h\u00e9mophilie<\/li>\n\n\n\n<li>Cicatrices r\u00e9centes, plaies ouvertes, inflammations<\/li>\n<\/ul>\n\n\n\n<p><\/p>\n","protected":false},"excerpt":{"rendered":"<p>\u00ab\u00a0M\u00e9ditation en mouvement\u00a0\u00bb Massage qui apaise corps et esprit avec douceur enveloppante. Qu\u2019est-ce que le massage californien ? Le massage californien trouve son origine \u00e0 l&rsquo;Institut Esalen, situ\u00e9 en Californie, vers 1962. Cet institut \u00e9tait un lieu embl\u00e9matique pour le d\u00e9veloppement de techniques favorisant le bien-\u00eatre. Dans les ann\u00e9e 70 cette approche unique du massage [&hellip;]<\/p>\n","protected":false},"author":1,"featured_media":0,"parent":0,"menu_order":0,"comment_status":"closed","ping_status":"closed","template":"","meta":{"inline_featured_image":false,"footnotes":""},"class_list":["post-511","page","type-page","status-publish","hentry"],"yoast_head":"<!-- This site is optimized with the Yoast SEO plugin v25.5 - https:\/\/yoast.com\/wordpress\/plugins\/seo\/ -->\n<title>Massage californien - \u00d4 refuge bien \u00eatre<\/title>\n<meta name=\"robots\" content=\"index, follow, max-snippet:-1, max-image-preview:large, max-video-preview:-1\" \/>\n<link rel=\"canonical\" href=\"https:\/\/orefugebienetre.fr\/index.php\/massage-californien\/\" \/>\n<meta property=\"og:locale\" content=\"fr_FR\" \/>\n<meta property=\"og:type\" content=\"article\" \/>\n<meta property=\"og:title\" content=\"Massage californien - \u00d4 refuge bien \u00eatre\" \/>\n<meta property=\"og:description\" content=\"\u00ab\u00a0M\u00e9ditation en mouvement\u00a0\u00bb Massage qui apaise corps et esprit avec douceur enveloppante. Qu\u2019est-ce que le massage californien ? Le massage californien trouve son origine \u00e0 l&rsquo;Institut Esalen, situ\u00e9 en Californie, vers 1962. Cet institut \u00e9tait un lieu embl\u00e9matique pour le d\u00e9veloppement de techniques favorisant le bien-\u00eatre. Dans les ann\u00e9e 70 cette approche unique du massage [&hellip;]\" \/>\n<meta property=\"og:url\" content=\"https:\/\/orefugebienetre.fr\/index.php\/massage-californien\/\" \/>\n<meta property=\"og:site_name\" content=\"\u00d4 refuge bien \u00eatre\" \/>\n<meta property=\"article:publisher\" content=\"https:\/\/www.facebook.com\/people\/Hlne-Illys\/pfbid025qQGgmMxFcpgVs2mo8tz3snCTwoNLzvR2jmKvJQk6qnYKJ9VXFJkGSuypazHhVjtl\/\" \/>\n<meta property=\"article:modified_time\" content=\"2025-09-08T17:59:41+00:00\" \/>\n<meta property=\"og:image\" content=\"https:\/\/orefugebienetre.fr\/wp-content\/uploads\/2025\/04\/2-4.png\" \/>\n\t<meta property=\"og:image:width\" content=\"1333\" \/>\n\t<meta property=\"og:image:height\" content=\"1371\" \/>\n\t<meta property=\"og:image:type\" content=\"image\/png\" \/>\n<meta name=\"twitter:card\" content=\"summary_large_image\" \/>\n<meta name=\"twitter:label1\" content=\"Dur\u00e9e de lecture estim\u00e9e\" \/>\n\t<meta name=\"twitter:data1\" content=\"3 minutes\" \/>\n<script type=\"application\/ld+json\" class=\"yoast-schema-graph\">{\"@context\":\"https:\/\/schema.org\",\"@graph\":[{\"@type\":\"WebPage\",\"@id\":\"https:\/\/orefugebienetre.fr\/index.php\/massage-californien\/\",\"url\":\"https:\/\/orefugebienetre.fr\/index.php\/massage-californien\/\",\"name\":\"Massage californien - \u00d4 refuge bien \u00eatre\",\"isPartOf\":{\"@id\":\"https:\/\/orefugebienetre.fr\/#website\"},\"primaryImageOfPage\":{\"@id\":\"https:\/\/orefugebienetre.fr\/index.php\/massage-californien\/#primaryimage\"},\"image\":{\"@id\":\"https:\/\/orefugebienetre.fr\/index.php\/massage-californien\/#primaryimage\"},\"thumbnailUrl\":\"https:\/\/orefugebienetre.fr\/wp-content\/uploads\/2025\/04\/2-4.png\",\"datePublished\":\"2025-04-22T18:35:18+00:00\",\"dateModified\":\"2025-09-08T17:59:41+00:00\",\"breadcrumb\":{\"@id\":\"https:\/\/orefugebienetre.fr\/index.php\/massage-californien\/#breadcrumb\"},\"inLanguage\":\"fr-FR\",\"potentialAction\":[{\"@type\":\"ReadAction\",\"target\":[\"https:\/\/orefugebienetre.fr\/index.php\/massage-californien\/\"]}]},{\"@type\":\"ImageObject\",\"inLanguage\":\"fr-FR\",\"@id\":\"https:\/\/orefugebienetre.fr\/index.php\/massage-californien\/#primaryimage\",\"url\":\"https:\/\/orefugebienetre.fr\/wp-content\/uploads\/2025\/04\/2-4.png\",\"contentUrl\":\"https:\/\/orefugebienetre.fr\/wp-content\/uploads\/2025\/04\/2-4.png\",\"width\":1333,\"height\":1371},{\"@type\":\"BreadcrumbList\",\"@id\":\"https:\/\/orefugebienetre.fr\/index.php\/massage-californien\/#breadcrumb\",\"itemListElement\":[{\"@type\":\"ListItem\",\"position\":1,\"name\":\"Accueil\",\"item\":\"https:\/\/orefugebienetre.fr\/\"},{\"@type\":\"ListItem\",\"position\":2,\"name\":\"Massage californien\"}]},{\"@type\":\"WebSite\",\"@id\":\"https:\/\/orefugebienetre.fr\/#website\",\"url\":\"https:\/\/orefugebienetre.fr\/\",\"name\":\"\u00d4 refuge bien \u00eatre\",\"description\":\"\u00d4 refuge bien \u00eatre\",\"publisher\":{\"@id\":\"https:\/\/orefugebienetre.fr\/#organization\"},\"potentialAction\":[{\"@type\":\"SearchAction\",\"target\":{\"@type\":\"EntryPoint\",\"urlTemplate\":\"https:\/\/orefugebienetre.fr\/?s={search_term_string}\"},\"query-input\":{\"@type\":\"PropertyValueSpecification\",\"valueRequired\":true,\"valueName\":\"search_term_string\"}}],\"inLanguage\":\"fr-FR\"},{\"@type\":\"Organization\",\"@id\":\"https:\/\/orefugebienetre.fr\/#organization\",\"name\":\"\u00d4 refuge bien \u00eatre\",\"url\":\"https:\/\/orefugebienetre.fr\/\",\"logo\":{\"@type\":\"ImageObject\",\"inLanguage\":\"fr-FR\",\"@id\":\"https:\/\/orefugebienetre.fr\/#\/schema\/logo\/image\/\",\"url\":\"https:\/\/orefugebienetre.fr\/wp-content\/uploads\/2025\/04\/O-refuge-bien-etre-2.svg\",\"contentUrl\":\"https:\/\/orefugebienetre.fr\/wp-content\/uploads\/2025\/04\/O-refuge-bien-etre-2.svg\",\"width\":940,\"height\":788,\"caption\":\"\u00d4 refuge bien \u00eatre\"},\"image\":{\"@id\":\"https:\/\/orefugebienetre.fr\/#\/schema\/logo\/image\/\"},\"sameAs\":[\"https:\/\/www.facebook.com\/people\/Hlne-Illys\/pfbid025qQGgmMxFcpgVs2mo8tz3snCTwoNLzvR2jmKvJQk6qnYKJ9VXFJkGSuypazHhVjtl\/\",\"https:\/\/www.instagram.com\/orefugebienetre_angers\/#\",\"https:\/\/www.linkedin.com\/in\/hlne-illyes-122a329\/\"]}]}<\/script>\n<!-- \/ Yoast SEO plugin. -->","yoast_head_json":{"title":"Massage californien - \u00d4 refuge bien \u00eatre","robots":{"index":"index","follow":"follow","max-snippet":"max-snippet:-1","max-image-preview":"max-image-preview:large","max-video-preview":"max-video-preview:-1"},"canonical":"https:\/\/orefugebienetre.fr\/index.php\/massage-californien\/","og_locale":"fr_FR","og_type":"article","og_title":"Massage californien - \u00d4 refuge bien \u00eatre","og_description":"\u00ab\u00a0M\u00e9ditation en mouvement\u00a0\u00bb Massage qui apaise corps et esprit avec douceur enveloppante. Qu\u2019est-ce que le massage californien ? Le massage californien trouve son origine \u00e0 l&rsquo;Institut Esalen, situ\u00e9 en Californie, vers 1962. Cet institut \u00e9tait un lieu embl\u00e9matique pour le d\u00e9veloppement de techniques favorisant le bien-\u00eatre. Dans les ann\u00e9e 70 cette approche unique du massage [&hellip;]","og_url":"https:\/\/orefugebienetre.fr\/index.php\/massage-californien\/","og_site_name":"\u00d4 refuge bien \u00eatre","article_publisher":"https:\/\/www.facebook.com\/people\/Hlne-Illys\/pfbid025qQGgmMxFcpgVs2mo8tz3snCTwoNLzvR2jmKvJQk6qnYKJ9VXFJkGSuypazHhVjtl\/","article_modified_time":"2025-09-08T17:59:41+00:00","og_image":[{"width":1333,"height":1371,"url":"https:\/\/orefugebienetre.fr\/wp-content\/uploads\/2025\/04\/2-4.png","type":"image\/png"}],"twitter_card":"summary_large_image","twitter_misc":{"Dur\u00e9e de lecture estim\u00e9e":"3 minutes"},"schema":{"@context":"https:\/\/schema.org","@graph":[{"@type":"WebPage","@id":"https:\/\/orefugebienetre.fr\/index.php\/massage-californien\/","url":"https:\/\/orefugebienetre.fr\/index.php\/massage-californien\/","name":"Massage californien - \u00d4 refuge bien \u00eatre","isPartOf":{"@id":"https:\/\/orefugebienetre.fr\/#website"},"primaryImageOfPage":{"@id":"https:\/\/orefugebienetre.fr\/index.php\/massage-californien\/#primaryimage"},"image":{"@id":"https:\/\/orefugebienetre.fr\/index.php\/massage-californien\/#primaryimage"},"thumbnailUrl":"https:\/\/orefugebienetre.fr\/wp-content\/uploads\/2025\/04\/2-4.png","datePublished":"2025-04-22T18:35:18+00:00","dateModified":"2025-09-08T17:59:41+00:00","breadcrumb":{"@id":"https:\/\/orefugebienetre.fr\/index.php\/massage-californien\/#breadcrumb"},"inLanguage":"fr-FR","potentialAction":[{"@type":"ReadAction","target":["https:\/\/orefugebienetre.fr\/index.php\/massage-californien\/"]}]},{"@type":"ImageObject","inLanguage":"fr-FR","@id":"https:\/\/orefugebienetre.fr\/index.php\/massage-californien\/#primaryimage","url":"https:\/\/orefugebienetre.fr\/wp-content\/uploads\/2025\/04\/2-4.png","contentUrl":"https:\/\/orefugebienetre.fr\/wp-content\/uploads\/2025\/04\/2-4.png","width":1333,"height":1371},{"@type":"BreadcrumbList","@id":"https:\/\/orefugebienetre.fr\/index.php\/massage-californien\/#breadcrumb","itemListElement":[{"@type":"ListItem","position":1,"name":"Accueil","item":"https:\/\/orefugebienetre.fr\/"},{"@type":"ListItem","position":2,"name":"Massage californien"}]},{"@type":"WebSite","@id":"https:\/\/orefugebienetre.fr\/#website","url":"https:\/\/orefugebienetre.fr\/","name":"\u00d4 refuge bien \u00eatre","description":"\u00d4 refuge bien \u00eatre","publisher":{"@id":"https:\/\/orefugebienetre.fr\/#organization"},"potentialAction":[{"@type":"SearchAction","target":{"@type":"EntryPoint","urlTemplate":"https:\/\/orefugebienetre.fr\/?s={search_term_string}"},"query-input":{"@type":"PropertyValueSpecification","valueRequired":true,"valueName":"search_term_string"}}],"inLanguage":"fr-FR"},{"@type":"Organization","@id":"https:\/\/orefugebienetre.fr\/#organization","name":"\u00d4 refuge bien \u00eatre","url":"https:\/\/orefugebienetre.fr\/","logo":{"@type":"ImageObject","inLanguage":"fr-FR","@id":"https:\/\/orefugebienetre.fr\/#\/schema\/logo\/image\/","url":"https:\/\/orefugebienetre.fr\/wp-content\/uploads\/2025\/04\/O-refuge-bien-etre-2.svg","contentUrl":"https:\/\/orefugebienetre.fr\/wp-content\/uploads\/2025\/04\/O-refuge-bien-etre-2.svg","width":940,"height":788,"caption":"\u00d4 refuge bien \u00eatre"},"image":{"@id":"https:\/\/orefugebienetre.fr\/#\/schema\/logo\/image\/"},"sameAs":["https:\/\/www.facebook.com\/people\/Hlne-Illys\/pfbid025qQGgmMxFcpgVs2mo8tz3snCTwoNLzvR2jmKvJQk6qnYKJ9VXFJkGSuypazHhVjtl\/","https:\/\/www.instagram.com\/orefugebienetre_angers\/#","https:\/\/www.linkedin.com\/in\/hlne-illyes-122a329\/"]}]}},"_links":{"self":[{"href":"https:\/\/orefugebienetre.fr\/index.php\/wp-json\/wp\/v2\/pages\/511","targetHints":{"allow":["GET"]}}],"collection":[{"href":"https:\/\/orefugebienetre.fr\/index.php\/wp-json\/wp\/v2\/pages"}],"about":[{"href":"https:\/\/orefugebienetre.fr\/index.php\/wp-json\/wp\/v2\/types\/page"}],"author":[{"embeddable":true,"href":"https:\/\/orefugebienetre.fr\/index.php\/wp-json\/wp\/v2\/users\/1"}],"replies":[{"embeddable":true,"href":"https:\/\/orefugebienetre.fr\/index.php\/wp-json\/wp\/v2\/comments?post=511"}],"version-history":[{"count":15,"href":"https:\/\/orefugebienetre.fr\/index.php\/wp-json\/wp\/v2\/pages\/511\/revisions"}],"predecessor-version":[{"id":1068,"href":"https:\/\/orefugebienetre.fr\/index.php\/wp-json\/wp\/v2\/pages\/511\/revisions\/1068"}],"wp:attachment":[{"href":"https:\/\/orefugebienetre.fr\/index.php\/wp-json\/wp\/v2\/media?parent=511"}],"curies":[{"name":"wp","href":"https:\/\/api.w.org\/{rel}","templated":true}]}}