{"id":522,"date":"2025-04-22T21:23:43","date_gmt":"2025-04-22T19:23:43","guid":{"rendered":"https:\/\/orefugebienetre.fr\/?page_id=522"},"modified":"2025-09-08T20:01:35","modified_gmt":"2025-09-08T18:01:35","slug":"chi-nei-tsang","status":"publish","type":"page","link":"https:\/\/orefugebienetre.fr\/index.php\/chi-nei-tsang\/","title":{"rendered":"Chi Nei Tsang"},"content":{"rendered":"\n<h3 class=\"wp-block-heading has-text-align-center\">Massage du ventre \u00e9nergisant lib\u00e9rateur&nbsp;: apaise, r\u00e9\u00e9quilibre et lib\u00e8re vos \u00e9motions enfouies<\/h3>\n\n\n\n<div style=\"height:50px\" aria-hidden=\"true\" class=\"wp-block-spacer\"><\/div>\n\n\n<div class=\"wp-block-image\">\n<figure class=\"aligncenter size-large is-resized\"><img fetchpriority=\"high\" decoding=\"async\" width=\"1004\" height=\"1024\" src=\"https:\/\/orefugebienetre.fr\/wp-content\/uploads\/2025\/04\/5-1004x1024.png\" alt=\"\" class=\"wp-image-276\" style=\"width:500px\" srcset=\"https:\/\/orefugebienetre.fr\/wp-content\/uploads\/2025\/04\/5-1004x1024.png 1004w, https:\/\/orefugebienetre.fr\/wp-content\/uploads\/2025\/04\/5-294x300.png 294w, https:\/\/orefugebienetre.fr\/wp-content\/uploads\/2025\/04\/5-768x783.png 768w, https:\/\/orefugebienetre.fr\/wp-content\/uploads\/2025\/04\/5.png 1333w\" sizes=\"(max-width: 1004px) 100vw, 1004px\" \/><\/figure>\n<\/div>\n\n\n<div style=\"height:50px\" aria-hidden=\"true\" class=\"wp-block-spacer\"><\/div>\n\n\n\n<p><\/p>\n\n\n<div class=\"wp-block-image\">\n<figure class=\"aligncenter size-large is-resized\"><img decoding=\"async\" width=\"1024\" height=\"726\" src=\"https:\/\/orefugebienetre.fr\/wp-content\/uploads\/2025\/09\/5-1024x726.png\" alt=\"\" class=\"wp-image-1073\" style=\"width:500px\" srcset=\"https:\/\/orefugebienetre.fr\/wp-content\/uploads\/2025\/09\/5-1024x726.png 1024w, https:\/\/orefugebienetre.fr\/wp-content\/uploads\/2025\/09\/5-300x213.png 300w, https:\/\/orefugebienetre.fr\/wp-content\/uploads\/2025\/09\/5-150x106.png 150w, https:\/\/orefugebienetre.fr\/wp-content\/uploads\/2025\/09\/5-768x545.png 768w, https:\/\/orefugebienetre.fr\/wp-content\/uploads\/2025\/09\/5-1536x1090.png 1536w, https:\/\/orefugebienetre.fr\/wp-content\/uploads\/2025\/09\/5.png 1748w\" sizes=\"(max-width: 1024px) 100vw, 1024px\" \/><\/figure>\n<\/div>\n\n\n<div style=\"height:50px\" aria-hidden=\"true\" class=\"wp-block-spacer\"><\/div>\n\n\n\n<div class=\"wp-block-buttons is-content-justification-center is-layout-flex wp-container-core-buttons-is-layout-16018d1d wp-block-buttons-is-layout-flex\">\n<div class=\"wp-block-button\"><a class=\"wp-block-button__link wp-element-button\" href=\"https:\/\/orefugebienetre.fr\/index.php\/contact\/\">Prendre RDV &gt;<\/a><\/div>\n<\/div>\n\n\n\n<div style=\"height:50px\" aria-hidden=\"true\" class=\"wp-block-spacer\"><\/div>\n\n\n\n<p><\/p>\n\n\n\n<h3 class=\"wp-block-heading\"><strong>Qu\u2019est-ce que le Chi Nei Tsang&nbsp;?<\/strong><\/h3>\n\n\n\n<p>Particuli\u00e8rement <strong>efficace et reconnu pour lib\u00e9rer les \u00e9nergies \u00e9motionnelles stagnantes qui peuvent causer de l\u2019anxi\u00e9t\u00e9<\/strong>. Le Chi Nei Tsang est une technique de massages manuels profonds, issue de la M\u00e9decine Traditionnelle Chinoise et centr\u00e9e sur le ventre. Dans la tradition ancestrale tao\u00efste, <strong>le ventre est souvent consid\u00e9r\u00e9 comme le si\u00e8ge des \u00e9motions<\/strong>. De surcro\u00eet, <strong>le ventre abrite \u00e9galement les m\u00e9ridiens \u00e0 la source des organes internes.<\/strong> Le chi Nei Tsang agit sur ces derniers ainsi que sur les<strong> tensions profondes <\/strong>pour<strong> r\u00e9\u00e9quilibrer le corps et l&rsquo;esprit. <\/strong>Avec <strong>respect et bienveillance,<\/strong> je vous <strong>aide<\/strong> <strong>\u00e0 lever des obstacles \u00e9motionnels et fonctionnels de l\u2019organisme en vue de vous assurer un mieux-\u00eatre significatif.&nbsp;<\/strong><\/p>\n\n\n\n<h3 class=\"wp-block-heading\"><strong>Les bienfaits du Chi Nei Tsang&nbsp;<\/strong><\/h3>\n\n\n\n<ul class=\"wp-block-list\">\n<li>Stimule le syst\u00e8me digestif<\/li>\n\n\n\n<li>Am\u00e9liore le transit<\/li>\n\n\n\n<li>Diminue la fatigue<\/li>\n\n\n\n<li>D\u00e9toxifie l\u2019organisme<\/li>\n\n\n\n<li>R\u00e9gule la circulation du sang<\/li>\n\n\n\n<li>Renforce le syst\u00e8me immunitaire, lymphatique et hormonal<\/li>\n\n\n\n<li>Apaise les douleurs, les tensions abdominales et \u00e9motionnelles<\/li>\n\n\n\n<li>Favorise l\u2019hom\u00e9ostasie (c\u2019est-\u00e0-dire qu\u2019il agit sur la r\u00e9gulation naturelle de l&rsquo;organisme pour maintenir constants les param\u00e8tres biologiques face aux modifications de l&rsquo;environnement ext\u00e9rieur)<\/li>\n\n\n\n<li>Favorise un \u00e9quilibre \u00e9nerg\u00e9tique global<\/li>\n<\/ul>\n\n\n\n<h3 class=\"wp-block-heading\"><strong>D\u00e9roulement d\u2019une s\u00e9ance de Chi Nei Tsang&nbsp;<\/strong><\/h3>\n\n\n\n<ol class=\"wp-block-list\">\n<li><strong>Echange initial :<\/strong>&nbsp;je prendrais le temps de discuter avec vous pour comprendre vos besoins et votre \u00e9tat.<\/li>\n\n\n\n<li><strong>Pendant la s\u00e9ance, <\/strong>il s\u2019agit d\u2019un massage doux et profond du ventre avec des pressions cibl\u00e9es. Respiration guid\u00e9e pour accompagner la lib\u00e9ration des tensions.&nbsp;<\/li>\n\n\n\n<li><strong>Repos en fin de massage&nbsp;: <\/strong>. je vous laisserai un moment pour reprendre vos esprits en douceur&nbsp;: La s\u00e9ance se termine par une phase de d\u00e9tente et de recentrage. pr\u00e9voir 15 minutes de plus afin de vivre pleinement ce moment de d\u00e9contraction comme une p\u00e9riode de ressourcement \u00e0 la vie.<\/li>\n<\/ol>\n\n\n\n<h3 class=\"wp-block-heading\"><strong>Contre-Indications du Chi Nei Tsang<\/strong><\/h3>\n\n\n\n<p>Le massage Chi Nei Tsang peut \u00eatre d\u00e9conseill\u00e9 en cas de :<\/p>\n\n\n\n<ul class=\"wp-block-list\">\n<li>Grossesse \u00e0 risque ou r\u00e9cente.<\/li>\n\n\n\n<li>Intervention chirurgicale r\u00e9cente.<\/li>\n\n\n\n<li>Pathologies graves non stabilis\u00e9es. Il est recommand\u00e9 de consulter un professionnel avant toute s\u00e9ance si vous avez des doutes.<\/li>\n<\/ul>\n\n\n\n<p><\/p>\n","protected":false},"excerpt":{"rendered":"<p>Massage du ventre \u00e9nergisant lib\u00e9rateur&nbsp;: apaise, r\u00e9\u00e9quilibre et lib\u00e8re vos \u00e9motions enfouies Qu\u2019est-ce que le Chi Nei Tsang&nbsp;? Particuli\u00e8rement efficace et reconnu pour lib\u00e9rer les \u00e9nergies \u00e9motionnelles stagnantes qui peuvent causer de l\u2019anxi\u00e9t\u00e9. Le Chi Nei Tsang est une technique de massages manuels profonds, issue de la M\u00e9decine Traditionnelle Chinoise et centr\u00e9e sur le ventre. [&hellip;]<\/p>\n","protected":false},"author":1,"featured_media":0,"parent":0,"menu_order":0,"comment_status":"closed","ping_status":"closed","template":"","meta":{"inline_featured_image":false,"footnotes":""},"class_list":["post-522","page","type-page","status-publish","hentry"],"yoast_head":"<!-- This site is optimized with the Yoast SEO plugin v25.5 - https:\/\/yoast.com\/wordpress\/plugins\/seo\/ -->\n<title>Chi Nei Tsang - \u00d4 refuge bien \u00eatre<\/title>\n<meta name=\"robots\" content=\"index, follow, max-snippet:-1, max-image-preview:large, max-video-preview:-1\" \/>\n<link rel=\"canonical\" href=\"https:\/\/orefugebienetre.fr\/index.php\/chi-nei-tsang\/\" \/>\n<meta property=\"og:locale\" content=\"fr_FR\" \/>\n<meta property=\"og:type\" content=\"article\" \/>\n<meta property=\"og:title\" content=\"Chi Nei Tsang - \u00d4 refuge bien \u00eatre\" \/>\n<meta property=\"og:description\" content=\"Massage du ventre \u00e9nergisant lib\u00e9rateur&nbsp;: apaise, r\u00e9\u00e9quilibre et lib\u00e8re vos \u00e9motions enfouies Qu\u2019est-ce que le Chi Nei Tsang&nbsp;? Particuli\u00e8rement efficace et reconnu pour lib\u00e9rer les \u00e9nergies \u00e9motionnelles stagnantes qui peuvent causer de l\u2019anxi\u00e9t\u00e9. Le Chi Nei Tsang est une technique de massages manuels profonds, issue de la M\u00e9decine Traditionnelle Chinoise et centr\u00e9e sur le ventre. [&hellip;]\" \/>\n<meta property=\"og:url\" content=\"https:\/\/orefugebienetre.fr\/index.php\/chi-nei-tsang\/\" \/>\n<meta property=\"og:site_name\" content=\"\u00d4 refuge bien \u00eatre\" \/>\n<meta property=\"article:publisher\" content=\"https:\/\/www.facebook.com\/people\/Hlne-Illys\/pfbid025qQGgmMxFcpgVs2mo8tz3snCTwoNLzvR2jmKvJQk6qnYKJ9VXFJkGSuypazHhVjtl\/\" \/>\n<meta property=\"article:modified_time\" content=\"2025-09-08T18:01:35+00:00\" \/>\n<meta property=\"og:image\" content=\"https:\/\/orefugebienetre.fr\/wp-content\/uploads\/2025\/04\/5.png\" \/>\n\t<meta property=\"og:image:width\" content=\"1333\" \/>\n\t<meta property=\"og:image:height\" content=\"1359\" \/>\n\t<meta property=\"og:image:type\" content=\"image\/png\" \/>\n<meta name=\"twitter:card\" content=\"summary_large_image\" \/>\n<meta name=\"twitter:label1\" content=\"Dur\u00e9e de lecture estim\u00e9e\" \/>\n\t<meta name=\"twitter:data1\" content=\"3 minutes\" \/>\n<script type=\"application\/ld+json\" class=\"yoast-schema-graph\">{\"@context\":\"https:\/\/schema.org\",\"@graph\":[{\"@type\":\"WebPage\",\"@id\":\"https:\/\/orefugebienetre.fr\/index.php\/chi-nei-tsang\/\",\"url\":\"https:\/\/orefugebienetre.fr\/index.php\/chi-nei-tsang\/\",\"name\":\"Chi Nei Tsang - \u00d4 refuge bien \u00eatre\",\"isPartOf\":{\"@id\":\"https:\/\/orefugebienetre.fr\/#website\"},\"primaryImageOfPage\":{\"@id\":\"https:\/\/orefugebienetre.fr\/index.php\/chi-nei-tsang\/#primaryimage\"},\"image\":{\"@id\":\"https:\/\/orefugebienetre.fr\/index.php\/chi-nei-tsang\/#primaryimage\"},\"thumbnailUrl\":\"https:\/\/orefugebienetre.fr\/wp-content\/uploads\/2025\/04\/5-1004x1024.png\",\"datePublished\":\"2025-04-22T19:23:43+00:00\",\"dateModified\":\"2025-09-08T18:01:35+00:00\",\"breadcrumb\":{\"@id\":\"https:\/\/orefugebienetre.fr\/index.php\/chi-nei-tsang\/#breadcrumb\"},\"inLanguage\":\"fr-FR\",\"potentialAction\":[{\"@type\":\"ReadAction\",\"target\":[\"https:\/\/orefugebienetre.fr\/index.php\/chi-nei-tsang\/\"]}]},{\"@type\":\"ImageObject\",\"inLanguage\":\"fr-FR\",\"@id\":\"https:\/\/orefugebienetre.fr\/index.php\/chi-nei-tsang\/#primaryimage\",\"url\":\"https:\/\/orefugebienetre.fr\/wp-content\/uploads\/2025\/04\/5.png\",\"contentUrl\":\"https:\/\/orefugebienetre.fr\/wp-content\/uploads\/2025\/04\/5.png\",\"width\":1333,\"height\":1359},{\"@type\":\"BreadcrumbList\",\"@id\":\"https:\/\/orefugebienetre.fr\/index.php\/chi-nei-tsang\/#breadcrumb\",\"itemListElement\":[{\"@type\":\"ListItem\",\"position\":1,\"name\":\"Accueil\",\"item\":\"https:\/\/orefugebienetre.fr\/\"},{\"@type\":\"ListItem\",\"position\":2,\"name\":\"Chi Nei Tsang\"}]},{\"@type\":\"WebSite\",\"@id\":\"https:\/\/orefugebienetre.fr\/#website\",\"url\":\"https:\/\/orefugebienetre.fr\/\",\"name\":\"\u00d4 refuge bien \u00eatre\",\"description\":\"\u00d4 refuge bien \u00eatre\",\"publisher\":{\"@id\":\"https:\/\/orefugebienetre.fr\/#organization\"},\"potentialAction\":[{\"@type\":\"SearchAction\",\"target\":{\"@type\":\"EntryPoint\",\"urlTemplate\":\"https:\/\/orefugebienetre.fr\/?s={search_term_string}\"},\"query-input\":{\"@type\":\"PropertyValueSpecification\",\"valueRequired\":true,\"valueName\":\"search_term_string\"}}],\"inLanguage\":\"fr-FR\"},{\"@type\":\"Organization\",\"@id\":\"https:\/\/orefugebienetre.fr\/#organization\",\"name\":\"\u00d4 refuge bien \u00eatre\",\"url\":\"https:\/\/orefugebienetre.fr\/\",\"logo\":{\"@type\":\"ImageObject\",\"inLanguage\":\"fr-FR\",\"@id\":\"https:\/\/orefugebienetre.fr\/#\/schema\/logo\/image\/\",\"url\":\"https:\/\/orefugebienetre.fr\/wp-content\/uploads\/2025\/04\/O-refuge-bien-etre-2.svg\",\"contentUrl\":\"https:\/\/orefugebienetre.fr\/wp-content\/uploads\/2025\/04\/O-refuge-bien-etre-2.svg\",\"width\":940,\"height\":788,\"caption\":\"\u00d4 refuge bien \u00eatre\"},\"image\":{\"@id\":\"https:\/\/orefugebienetre.fr\/#\/schema\/logo\/image\/\"},\"sameAs\":[\"https:\/\/www.facebook.com\/people\/Hlne-Illys\/pfbid025qQGgmMxFcpgVs2mo8tz3snCTwoNLzvR2jmKvJQk6qnYKJ9VXFJkGSuypazHhVjtl\/\",\"https:\/\/www.instagram.com\/orefugebienetre_angers\/#\",\"https:\/\/www.linkedin.com\/in\/hlne-illyes-122a329\/\"]}]}<\/script>\n<!-- \/ Yoast SEO plugin. -->","yoast_head_json":{"title":"Chi Nei Tsang - \u00d4 refuge bien \u00eatre","robots":{"index":"index","follow":"follow","max-snippet":"max-snippet:-1","max-image-preview":"max-image-preview:large","max-video-preview":"max-video-preview:-1"},"canonical":"https:\/\/orefugebienetre.fr\/index.php\/chi-nei-tsang\/","og_locale":"fr_FR","og_type":"article","og_title":"Chi Nei Tsang - \u00d4 refuge bien \u00eatre","og_description":"Massage du ventre \u00e9nergisant lib\u00e9rateur&nbsp;: apaise, r\u00e9\u00e9quilibre et lib\u00e8re vos \u00e9motions enfouies Qu\u2019est-ce que le Chi Nei Tsang&nbsp;? Particuli\u00e8rement efficace et reconnu pour lib\u00e9rer les \u00e9nergies \u00e9motionnelles stagnantes qui peuvent causer de l\u2019anxi\u00e9t\u00e9. Le Chi Nei Tsang est une technique de massages manuels profonds, issue de la M\u00e9decine Traditionnelle Chinoise et centr\u00e9e sur le ventre. [&hellip;]","og_url":"https:\/\/orefugebienetre.fr\/index.php\/chi-nei-tsang\/","og_site_name":"\u00d4 refuge bien \u00eatre","article_publisher":"https:\/\/www.facebook.com\/people\/Hlne-Illys\/pfbid025qQGgmMxFcpgVs2mo8tz3snCTwoNLzvR2jmKvJQk6qnYKJ9VXFJkGSuypazHhVjtl\/","article_modified_time":"2025-09-08T18:01:35+00:00","og_image":[{"width":1333,"height":1359,"url":"https:\/\/orefugebienetre.fr\/wp-content\/uploads\/2025\/04\/5.png","type":"image\/png"}],"twitter_card":"summary_large_image","twitter_misc":{"Dur\u00e9e de lecture estim\u00e9e":"3 minutes"},"schema":{"@context":"https:\/\/schema.org","@graph":[{"@type":"WebPage","@id":"https:\/\/orefugebienetre.fr\/index.php\/chi-nei-tsang\/","url":"https:\/\/orefugebienetre.fr\/index.php\/chi-nei-tsang\/","name":"Chi Nei Tsang - \u00d4 refuge bien \u00eatre","isPartOf":{"@id":"https:\/\/orefugebienetre.fr\/#website"},"primaryImageOfPage":{"@id":"https:\/\/orefugebienetre.fr\/index.php\/chi-nei-tsang\/#primaryimage"},"image":{"@id":"https:\/\/orefugebienetre.fr\/index.php\/chi-nei-tsang\/#primaryimage"},"thumbnailUrl":"https:\/\/orefugebienetre.fr\/wp-content\/uploads\/2025\/04\/5-1004x1024.png","datePublished":"2025-04-22T19:23:43+00:00","dateModified":"2025-09-08T18:01:35+00:00","breadcrumb":{"@id":"https:\/\/orefugebienetre.fr\/index.php\/chi-nei-tsang\/#breadcrumb"},"inLanguage":"fr-FR","potentialAction":[{"@type":"ReadAction","target":["https:\/\/orefugebienetre.fr\/index.php\/chi-nei-tsang\/"]}]},{"@type":"ImageObject","inLanguage":"fr-FR","@id":"https:\/\/orefugebienetre.fr\/index.php\/chi-nei-tsang\/#primaryimage","url":"https:\/\/orefugebienetre.fr\/wp-content\/uploads\/2025\/04\/5.png","contentUrl":"https:\/\/orefugebienetre.fr\/wp-content\/uploads\/2025\/04\/5.png","width":1333,"height":1359},{"@type":"BreadcrumbList","@id":"https:\/\/orefugebienetre.fr\/index.php\/chi-nei-tsang\/#breadcrumb","itemListElement":[{"@type":"ListItem","position":1,"name":"Accueil","item":"https:\/\/orefugebienetre.fr\/"},{"@type":"ListItem","position":2,"name":"Chi Nei Tsang"}]},{"@type":"WebSite","@id":"https:\/\/orefugebienetre.fr\/#website","url":"https:\/\/orefugebienetre.fr\/","name":"\u00d4 refuge bien \u00eatre","description":"\u00d4 refuge bien \u00eatre","publisher":{"@id":"https:\/\/orefugebienetre.fr\/#organization"},"potentialAction":[{"@type":"SearchAction","target":{"@type":"EntryPoint","urlTemplate":"https:\/\/orefugebienetre.fr\/?s={search_term_string}"},"query-input":{"@type":"PropertyValueSpecification","valueRequired":true,"valueName":"search_term_string"}}],"inLanguage":"fr-FR"},{"@type":"Organization","@id":"https:\/\/orefugebienetre.fr\/#organization","name":"\u00d4 refuge bien \u00eatre","url":"https:\/\/orefugebienetre.fr\/","logo":{"@type":"ImageObject","inLanguage":"fr-FR","@id":"https:\/\/orefugebienetre.fr\/#\/schema\/logo\/image\/","url":"https:\/\/orefugebienetre.fr\/wp-content\/uploads\/2025\/04\/O-refuge-bien-etre-2.svg","contentUrl":"https:\/\/orefugebienetre.fr\/wp-content\/uploads\/2025\/04\/O-refuge-bien-etre-2.svg","width":940,"height":788,"caption":"\u00d4 refuge bien \u00eatre"},"image":{"@id":"https:\/\/orefugebienetre.fr\/#\/schema\/logo\/image\/"},"sameAs":["https:\/\/www.facebook.com\/people\/Hlne-Illys\/pfbid025qQGgmMxFcpgVs2mo8tz3snCTwoNLzvR2jmKvJQk6qnYKJ9VXFJkGSuypazHhVjtl\/","https:\/\/www.instagram.com\/orefugebienetre_angers\/#","https:\/\/www.linkedin.com\/in\/hlne-illyes-122a329\/"]}]}},"_links":{"self":[{"href":"https:\/\/orefugebienetre.fr\/index.php\/wp-json\/wp\/v2\/pages\/522","targetHints":{"allow":["GET"]}}],"collection":[{"href":"https:\/\/orefugebienetre.fr\/index.php\/wp-json\/wp\/v2\/pages"}],"about":[{"href":"https:\/\/orefugebienetre.fr\/index.php\/wp-json\/wp\/v2\/types\/page"}],"author":[{"embeddable":true,"href":"https:\/\/orefugebienetre.fr\/index.php\/wp-json\/wp\/v2\/users\/1"}],"replies":[{"embeddable":true,"href":"https:\/\/orefugebienetre.fr\/index.php\/wp-json\/wp\/v2\/comments?post=522"}],"version-history":[{"count":6,"href":"https:\/\/orefugebienetre.fr\/index.php\/wp-json\/wp\/v2\/pages\/522\/revisions"}],"predecessor-version":[{"id":1074,"href":"https:\/\/orefugebienetre.fr\/index.php\/wp-json\/wp\/v2\/pages\/522\/revisions\/1074"}],"wp:attachment":[{"href":"https:\/\/orefugebienetre.fr\/index.php\/wp-json\/wp\/v2\/media?parent=522"}],"curies":[{"name":"wp","href":"https:\/\/api.w.org\/{rel}","templated":true}]}}